{"id":8863,"date":"2026-04-24T14:48:34","date_gmt":"2026-04-24T14:48:34","guid":{"rendered":"https:\/\/www.jolivelo.com\/?post_type=product&#038;p=8863"},"modified":"2026-04-24T15:05:31","modified_gmt":"2026-04-24T15:05:31","slug":"velo-de-course-vintage-peugeot-pbn10-1979-bordeaux-54cm","status":"publish","type":"product","link":"https:\/\/www.jolivelo.com\/fr\/produit\/velo-de-course-vintage-peugeot-pbn10-1979-bordeaux-54cm\/","title":{"rendered":"V\u00e9lo de course vintage Peugeot PBN10 1979 - bordeaux - 54cm"},"content":{"rendered":"<p>Retro Rennrad \/ Vintage Fahrrad Peugeot PBN10 1979<\/p>\n<p>Hauteur de cadre : 54cm (\u2195\ufe0f 162cm - 176cm)<br \/>\nVitesses : 10 (2 x 5)<\/p>\n<p>Le v\u00e9lo est en bon \u00e9tat et enti\u00e8rement d'origine.<br \/>\nLe cadre a quelques rayures, mais les autocollants sont intacts.<br \/>\nLe v\u00e9lo de course a \u00e9t\u00e9 restaur\u00e9 et fonctionne parfaitement.<\/p>\n<p>\u2699\ufe0f Composants :<\/p>\n<p>- Cadre de la voiture : Peugeot 103<br \/>\n- Circuit : Simplex (2 x 5)<br \/>\n- Freins : Weinmann<br \/>\n- Jantes : Mavic<br \/>\n- Jeu de garnitures de manivelle : Peugeot<br \/>\n- Moyeux de roues : Atom<br \/>\n- Potence : Atax<br \/>\n- Leviers de frein : Mafac<br \/>\n- Pneus : Michelin Dynamic Classic 700 x 25<br \/>\n- P\u00e9dales : Lyotard 136R<\/p>\n<p>\u261d\ufe0fWas a \u00e9t\u00e9 fait sur ce v\u00e9lo ?<\/p>\n<p>\u2714\ufe0fKomplett nettoy\u00e9 et poli<br \/>\n\u2714\ufe0fReifen nouveau<br \/>\n\u2714\ufe0f Nouvelle cha\u00eene<br \/>\n\u2714\ufe0f Selle nouvelle<br \/>\n\u2714\ufe0f Roue libre nouveau<br \/>\n\u2714\ufe0fLuftschl\u00e4uche nouveau<br \/>\n\u2714\ufe0fNeue C\u00e2bles de frein<br \/>\n\u2714\ufe0fNeue Enveloppes de circuits<br \/>\n\u2714\ufe0fNeue C\u00e2bles de commande<br \/>\n\u2714\ufe0f Patins de frein neufs<br \/>\n\u2714\ufe0f Tous les roulements ont \u00e9t\u00e9 nettoy\u00e9s et graiss\u00e9s \u00e0 nouveau<\/p>\n<p>\u2708\ufe0f Envoi possible dans le monde entier<\/p>\n<p>\u26a1\ufe0fRegelm\u00e4\u00dfig propose des v\u00e9los vintage neufs !<\/p>\n<p>\u270c\ufe0fWas est Joli V\u00e9lo ?<br \/>\nDerri\u00e8re la petite entreprise Joli V\u00e9lo se cache un Fran\u00e7ais qui est tomb\u00e9 amoureux des v\u00e9los vintage...<\/p>","protected":false},"excerpt":{"rendered":"<p>Hauteur de cadre : 54cm (\u2195\ufe0f 162cm - 176cm)<br \/>\nVitesses : 10 (2 x 5)<\/p>\n<p>Le v\u00e9lo est en bon \u00e9tat et enti\u00e8rement d'origine.<br \/>\nLe cadre a quelques rayures, mais les autocollants sont intacts.<br \/>\nLe v\u00e9lo de course a \u00e9t\u00e9 restaur\u00e9 et fonctionne parfaitement.<\/p>","protected":false},"featured_media":8879,"comment_status":"open","ping_status":"closed","template":"","meta":{"_seopress_robots_primary_cat":"none","_seopress_titles_title":"","_seopress_titles_desc":"","_seopress_robots_index":"","_monsterinsights_skip_tracking":false,"_monsterinsights_sitenote_active":false,"_monsterinsights_sitenote_note":"","_monsterinsights_sitenote_category":0},"product_brand":[],"product_cat":[45,88],"product_tag":[],"marke":[16],"groesse":[32],"fahrrad-typ":[],"class_list":{"0":"post-8863","1":"product","2":"type-product","3":"status-publish","4":"has-post-thumbnail","6":"product_cat-vintage-rennraeder","7":"product_cat-vintage-fahrraeder","8":"marke-peugeot","9":"groesse-53-54cm","11":"first","12":"instock","13":"shipping-taxable","14":"purchasable","15":"product-type-simple"},"_links":{"self":[{"href":"https:\/\/www.jolivelo.com\/fr\/wp-json\/wp\/v2\/product\/8863","targetHints":{"allow":["GET"]}}],"collection":[{"href":"https:\/\/www.jolivelo.com\/fr\/wp-json\/wp\/v2\/product"}],"about":[{"href":"https:\/\/www.jolivelo.com\/fr\/wp-json\/wp\/v2\/types\/product"}],"replies":[{"embeddable":true,"href":"https:\/\/www.jolivelo.com\/fr\/wp-json\/wp\/v2\/comments?post=8863"}],"wp:featuredmedia":[{"embeddable":true,"href":"https:\/\/www.jolivelo.com\/fr\/wp-json\/wp\/v2\/media\/8879"}],"wp:attachment":[{"href":"https:\/\/www.jolivelo.com\/fr\/wp-json\/wp\/v2\/media?parent=8863"}],"wp:term":[{"taxonomy":"product_brand","embeddable":true,"href":"https:\/\/www.jolivelo.com\/fr\/wp-json\/wp\/v2\/product_brand?post=8863"},{"taxonomy":"product_cat","embeddable":true,"href":"https:\/\/www.jolivelo.com\/fr\/wp-json\/wp\/v2\/product_cat?post=8863"},{"taxonomy":"product_tag","embeddable":true,"href":"https:\/\/www.jolivelo.com\/fr\/wp-json\/wp\/v2\/product_tag?post=8863"},{"taxonomy":"marke","embeddable":true,"href":"https:\/\/www.jolivelo.com\/fr\/wp-json\/wp\/v2\/marke?post=8863"},{"taxonomy":"groesse","embeddable":true,"href":"https:\/\/www.jolivelo.com\/fr\/wp-json\/wp\/v2\/groesse?post=8863"},{"taxonomy":"fahrrad-typ","embeddable":true,"href":"https:\/\/www.jolivelo.com\/fr\/wp-json\/wp\/v2\/fahrrad-typ?post=8863"}],"curies":[{"name":"wp","href":"https:\/\/api.w.org\/{rel}","templated":true}]}}

Vélo de course vintage Peugeot PBN10 1979 - bordeaux - 54cm

<p>Retro Rennrad / Vintage Fahrrad Peugeot PBN10 1979</p>
<p>Hauteur de cadre : 54cm (↕️ 162cm - 176cm)<br />
Vitesses : 10 (2 x 5)</p>
<p>Le vélo est en bon état et entièrement d'origine.<br />
Le cadre a quelques rayures, mais les autocollants sont intacts.<br />
Le vélo de course a été restauré et fonctionne parfaitement.</p>
<p>⚙️ Composants :</p>
<p>- Cadre de la voiture : Peugeot 103<br />
- Circuit : Simplex (2 x 5)<br />
- Freins : Weinmann<br />
- Jantes : Mavic<br />
- Jeu de garnitures de manivelle : Peugeot<br />
- Moyeux de roues : Atom<br />
- Potence : Atax<br />
- Leviers de frein : Mafac<br />
- Pneus : Michelin Dynamic Classic 700 x 25<br />
- Pédales : Lyotard 136R</p>
<p>☝️Was a été fait sur ce vélo ?</p>
<p>✔️Komplett nettoyé et poli<br />
✔️Reifen nouveau<br />
✔️ Nouvelle chaîne<br />
✔️ Selle nouvelle<br />
✔️ Roue libre nouveau<br />
✔️Luftschläuche nouveau<br />
✔️Neue Câbles de frein<br />
✔️Neue Enveloppes de circuits<br />
✔️Neue Câbles de commande<br />
✔️ Patins de frein neufs<br />
✔️ Tous les roulements ont été nettoyés et graissés à nouveau</p>
<p>✈️ Envoi possible dans le monde entier</p>
<p>⚡️Regelmäßig propose des vélos vintage neufs !</p>
<p>✌️Was est Joli Vélo ?<br />
Derrière la petite entreprise Joli Vélo se cache un Français qui est tombé amoureux des vélos vintage...</p>

<p>Hauteur de cadre : 54cm (↕️ 162cm - 176cm)<br />
Vitesses : 10 (2 x 5)</p>
<p>Le vélo est en bon état et entièrement d'origine.<br />
Le cadre a quelques rayures, mais les autocollants sont intacts.<br />
Le vélo de course a été restauré et fonctionne parfaitement.</p>
