{"id":8828,"date":"2026-04-22T16:26:38","date_gmt":"2026-04-22T16:26:38","guid":{"rendered":"https:\/\/www.jolivelo.com\/?post_type=product&#038;p=8828"},"modified":"2026-04-22T16:56:42","modified_gmt":"2026-04-22T16:56:42","slug":"velo-sportif-pour-femmes-mbk-super-sprint-rose-50cm","status":"publish","type":"product","link":"https:\/\/www.jolivelo.com\/fr\/produit\/velo-sportif-pour-femmes-mbk-super-sprint-rose-50cm\/","title":{"rendered":"V\u00e9lo sportif pour femme MBK Super Sprint - rose - 50cm"},"content":{"rendered":"<p>Retro Fahrrad \/ Mixte \/ Damenrad MBK Super Sprint<\/p>\n<p>Hauteur de cadre : 50cm (\u2195\ufe0f 152cm - 165cm)<br \/>\nVitesses : 14 (2 x 7)<\/p>\n<p>Dieses Fahrrad wurde bei einem ehemaligen Motobecane-\/MBK-H\u00e4ndler in Zentralfrankreich gekauft.<br \/>\nBien que le v\u00e9lo ait \u00e9t\u00e9 assembl\u00e9, il n'a jamais \u00e9t\u00e9 vendu. Il est donc neuf d'origine. L'\u00e9tat des plaquettes de frein d'origine prouvait clairement qu'il n'avait jamais \u00e9t\u00e9 utilis\u00e9.<br \/>\n2-3 minuscules \u00e9clats de peinture \u00e0 l'arri\u00e8re du v\u00e9lo sont probablement apparus pendant le stockage de plus de 30 ans.<br \/>\nLe v\u00e9lo est donc neuf et il ne tient qu'\u00e0 vous d'en devenir le tout premier propri\u00e9taire !<\/p>\n<p>Le v\u00e9lo a \u00e9t\u00e9 inspect\u00e9 et fonctionne parfaitement.<\/p>\n<p>\u2699\ufe0f Composants :<\/p>\n<p>- cadre : CRMO HT 707<br \/>\n- Transmission : Suntour RT Lite<br \/>\n- Jeu de manivelles : Sakae RT<br \/>\n- les moyeux de roue : Sachs-Maillard<br \/>\n- Jantes : Alesa en aluminium<br \/>\n- guidon : ITM<br \/>\n- Selle : MBK<br \/>\n- Pneus : Michelin Dynamic Classic 700 x 25<\/p>\n<p>\u00c9clairage par dynamo fonctionnel<\/p>\n<p>\u261d\ufe0fWas a \u00e9t\u00e9 fait sur ce v\u00e9lo ?<\/p>\n<p>\u2714\ufe0f Pneus neufs<br \/>\n\u2714\ufe0f Tuyaux d'air neufs<br \/>\n\u2714\ufe0f Patins de frein neufs<br \/>\n\u2714\ufe0f C\u00e2bles de commande neufs<br \/>\n\u2714\ufe0f Cha\u00eene neuve<br \/>\n\u2714\ufe0f Pedale neu<br \/>\n\u2714\ufe0f C\u00e2bles de frein neufs<br \/>\n\u2714\ufe0f Inspect\u00e9<br \/>\n\u2714\ufe0f Nettoy\u00e9 compl\u00e8tement<\/p>\n<p>\u26a1\ufe0fRegelm\u00e4\u00dfig propose des v\u00e9los vintage neufs !<\/p>","protected":false},"excerpt":{"rendered":"<p>Hauteur de cadre : 50cm (\u2195\ufe0f 152cm - 165cm)<br \/>\nVitesses : 14 (2 x 7)<\/p>\n<p>Ce v\u00e9lo a \u00e9t\u00e9 achet\u00e9 chez un ancien concessionnaire Motobcane\/MBK dans le centre de la France.<br \/>\nBien que le v\u00e9lo ait \u00e9t\u00e9 assembl\u00e9, il n'a jamais \u00e9t\u00e9 vendu. Il est donc neuf d'origine. L'\u00e9tat des plaquettes de frein d'origine prouvait clairement qu'il n'avait jamais \u00e9t\u00e9 utilis\u00e9.<br \/>\n2-3 minuscules \u00e9clats de peinture \u00e0 l'arri\u00e8re du v\u00e9lo sont probablement apparus pendant le stockage de plus de 30 ans.<br \/>\nLe v\u00e9lo est donc neuf et il ne tient qu'\u00e0 vous d'en devenir le tout premier propri\u00e9taire !<\/p>\n<p>Le v\u00e9lo a \u00e9t\u00e9 inspect\u00e9 et fonctionne parfaitement.<\/p>","protected":false},"featured_media":8838,"comment_status":"open","ping_status":"closed","template":"","meta":{"_seopress_robots_primary_cat":"none","_seopress_titles_title":"","_seopress_titles_desc":"","_seopress_robots_index":"","_monsterinsights_skip_tracking":false,"_monsterinsights_sitenote_active":false,"_monsterinsights_sitenote_note":"","_monsterinsights_sitenote_category":0},"product_brand":[],"product_cat":[45,47,88],"product_tag":[],"marke":[17],"groesse":[31],"fahrrad-typ":[],"class_list":{"0":"post-8828","1":"product","2":"type-product","3":"status-publish","4":"has-post-thumbnail","6":"product_cat-vintage-rennraeder","7":"product_cat-mixte-damenrad","8":"product_cat-vintage-fahrraeder","9":"marke-motobecane-mbk","10":"groesse-53cm","12":"first","13":"instock","14":"shipping-taxable","15":"purchasable","16":"product-type-simple"},"_links":{"self":[{"href":"https:\/\/www.jolivelo.com\/fr\/wp-json\/wp\/v2\/product\/8828","targetHints":{"allow":["GET"]}}],"collection":[{"href":"https:\/\/www.jolivelo.com\/fr\/wp-json\/wp\/v2\/product"}],"about":[{"href":"https:\/\/www.jolivelo.com\/fr\/wp-json\/wp\/v2\/types\/product"}],"replies":[{"embeddable":true,"href":"https:\/\/www.jolivelo.com\/fr\/wp-json\/wp\/v2\/comments?post=8828"}],"wp:featuredmedia":[{"embeddable":true,"href":"https:\/\/www.jolivelo.com\/fr\/wp-json\/wp\/v2\/media\/8838"}],"wp:attachment":[{"href":"https:\/\/www.jolivelo.com\/fr\/wp-json\/wp\/v2\/media?parent=8828"}],"wp:term":[{"taxonomy":"product_brand","embeddable":true,"href":"https:\/\/www.jolivelo.com\/fr\/wp-json\/wp\/v2\/product_brand?post=8828"},{"taxonomy":"product_cat","embeddable":true,"href":"https:\/\/www.jolivelo.com\/fr\/wp-json\/wp\/v2\/product_cat?post=8828"},{"taxonomy":"product_tag","embeddable":true,"href":"https:\/\/www.jolivelo.com\/fr\/wp-json\/wp\/v2\/product_tag?post=8828"},{"taxonomy":"marke","embeddable":true,"href":"https:\/\/www.jolivelo.com\/fr\/wp-json\/wp\/v2\/marke?post=8828"},{"taxonomy":"groesse","embeddable":true,"href":"https:\/\/www.jolivelo.com\/fr\/wp-json\/wp\/v2\/groesse?post=8828"},{"taxonomy":"fahrrad-typ","embeddable":true,"href":"https:\/\/www.jolivelo.com\/fr\/wp-json\/wp\/v2\/fahrrad-typ?post=8828"}],"curies":[{"name":"wp","href":"https:\/\/api.w.org\/{rel}","templated":true}]}}

Vélo sportif pour femme MBK Super Sprint - rose - 50cm

<p>Retro Fahrrad / Mixte / Damenrad MBK Super Sprint</p>
<p>Hauteur de cadre : 50cm (↕️ 152cm - 165cm)<br />
Vitesses : 14 (2 x 7)</p>
<p>Dieses Fahrrad wurde bei einem ehemaligen Motobecane-/MBK-Händler in Zentralfrankreich gekauft.<br />
Bien que le vélo ait été assemblé, il n'a jamais été vendu. Il est donc neuf d'origine. L'état des plaquettes de frein d'origine prouvait clairement qu'il n'avait jamais été utilisé.<br />
2-3 minuscules éclats de peinture à l'arrière du vélo sont probablement apparus pendant le stockage de plus de 30 ans.<br />
Le vélo est donc neuf et il ne tient qu'à vous d'en devenir le tout premier propriétaire !</p>
<p>Le vélo a été inspecté et fonctionne parfaitement.</p>
<p>⚙️ Composants :</p>
<p>- cadre : CRMO HT 707<br />
- Transmission : Suntour RT Lite<br />
- Jeu de manivelles : Sakae RT<br />
- les moyeux de roue : Sachs-Maillard<br />
- Jantes : Alesa en aluminium<br />
- guidon : ITM<br />
- Selle : MBK<br />
- Pneus : Michelin Dynamic Classic 700 x 25</p>
<p>Éclairage par dynamo fonctionnel</p>
<p>☝️Was a été fait sur ce vélo ?</p>
<p>✔️ Pneus neufs<br />
✔️ Tuyaux d'air neufs<br />
✔️ Patins de frein neufs<br />
✔️ Câbles de commande neufs<br />
✔️ Chaîne neuve<br />
✔️ Pedale neu<br />
✔️ Câbles de frein neufs<br />
✔️ Inspecté<br />
✔️ Nettoyé complètement</p>
<p>⚡️Regelmäßig propose des vélos vintage neufs !</p>

<p>Hauteur de cadre : 50cm (↕️ 152cm - 165cm)<br />
Vitesses : 14 (2 x 7)</p>
<p>Ce vélo a été acheté chez un ancien concessionnaire Motobcane/MBK dans le centre de la France.<br />
Bien que le vélo ait été assemblé, il n'a jamais été vendu. Il est donc neuf d'origine. L'état des plaquettes de frein d'origine prouvait clairement qu'il n'avait jamais été utilisé.<br />
2-3 minuscules éclats de peinture à l'arrière du vélo sont probablement apparus pendant le stockage de plus de 30 ans.<br />
Le vélo est donc neuf et il ne tient qu'à vous d'en devenir le tout premier propriétaire !</p>
<p>Le vélo a été inspecté et fonctionne parfaitement.</p>
