{"id":8777,"date":"2026-04-17T16:36:08","date_gmt":"2026-04-17T16:36:08","guid":{"rendered":"https:\/\/www.jolivelo.com\/?post_type=product&#038;p=8777"},"modified":"2026-04-17T18:26:17","modified_gmt":"2026-04-17T18:26:17","slug":"velo-de-course-vintage-j-thirouard-shimano-600-arabesque-59cm","status":"publish","type":"product","link":"https:\/\/www.jolivelo.com\/fr\/produit\/velo-de-course-vintage-j-thirouard-shimano-600-arabesque-59cm\/","title":{"rendered":"V\u00e9lo de course vintage J.Thirouard - Shimano 600 Arabesque - 59cm"},"content":{"rendered":"<p>Retro \/ Vintage Fahrrad \/ Oldtimer J.Thirouard<\/p>\n<p>Rahmenh\u00f6he: 59cm (\u2195\ufe0f 176cm &#8211; 188cm)<br \/>\nVitesses : 10 (2 x 5)<\/p>\n<p>Le v\u00e9lo a \u00e9t\u00e9 peint et assembl\u00e9 par le magasin de cycles Thirouard \u00e0 Bourges (centre de la France). Les couleurs sont typiques des peintures de ce petit fabricant de v\u00e9los, qui proposait \u00e0 ses clients des v\u00e9los sur mesure et personnalis\u00e9s.<\/p>\n<p>Ce mod\u00e8le a \u00e9t\u00e9 achet\u00e9 avec diff\u00e9rentes pi\u00e8ces qui ne sont pas assorties.<br \/>\nUn groupe Shimano 600 Arabesque (sauf les manettes de d\u00e9railleur) a \u00e9t\u00e9 mont\u00e9 et s'accorde parfaitement au style du v\u00e9lo.<\/p>\n<p>Le v\u00e9lo de course est en bon \u00e9tat et d'origine.<br \/>\nLe cadre a quelques rayures, mais les autocollants sont intacts.<br \/>\nLe v\u00e9lo de course a \u00e9t\u00e9 restaur\u00e9 et fonctionne parfaitement.<\/p>\n<p>&nbsp;<\/p>\n<p>\u2699\ufe0f Composants :<\/p>\n<p>- Transmission : Shimano 600 Arabesque<br \/>\n- Freins : Shimano 600<br \/>\n- Les moyeux de roue : Pelissier<br \/>\n- Guidon : 3TTT - Mod Competizione<br \/>\n- Potence : Cinelli<br \/>\n- P\u00e9dales : Kyokuto Pro Vic<br \/>\n- les jantes : Wolber<br \/>\n- Levier de vitesse : Simplex<br \/>\n- Levier de frein : Shimano 600<br \/>\n- Selle : Turbo - Bernard Hinault<br \/>\n- Tige de selle : SMP Selle<br \/>\n- Jeu de manivelles : Shimano 600<br \/>\n- Pneus : Michelin Dynamic Sport 700 x 25<\/p>\n<p>\u261d\ufe0fWas a \u00e9t\u00e9 fait sur ce v\u00e9lo ?<\/p>\n<p>\u2714\ufe0f Enti\u00e8rement nettoy\u00e9 et poli<br \/>\n\u2714\ufe0f Nouveaux patins de frein<br \/>\n\u2714\ufe0f Bandeau de direction nouveau<br \/>\n\u2714\ufe0f Nouvelle cha\u00eene<br \/>\n\u2714\ufe0f Nouveaux c\u00e2bles de frein<br \/>\n\u2714\ufe0f Nouvelles enveloppes de frein<br \/>\n\u2714\ufe0f Cassette neuve<br \/>\n\u2714\ufe0f Pneus neufs<br \/>\n\u2714\ufe0f Nouvelles enveloppes de circuit<br \/>\n\u2714\ufe0f Nouveaux c\u00e2bles de commande<br \/>\n\u2714\ufe0f Patins de frein neufs<br \/>\n\u2714\ufe0f Tous les roulements ont \u00e9t\u00e9 nettoy\u00e9s et graiss\u00e9s \u00e0 nouveau<\/p>\n<p>\u2708\ufe0f Envoi possible dans le monde entier<\/p>\n<p>\u26a1\ufe0fRegelm\u00e4\u00dfig propose des v\u00e9los vintage neufs !<\/p>\n<p>\u270c\ufe0fWas est Joli V\u00e9lo ?<br \/>\nDerri\u00e8re la petite entreprise Joli V\u00e9lo se cache un Fran\u00e7ais qui est tomb\u00e9 amoureux des v\u00e9los vintage...<\/p>\n<p>Je vis \u00e0 Kiel depuis quelques ann\u00e9es et je vais souvent en France pour chasser les beaux v\u00e9los !<\/p>","protected":false},"excerpt":{"rendered":"<p>Hauteur du cadre : 59cm (\u2195\ufe0f 175cm - 188cm)<br \/>\nVitesses : 10 (2 x 5)<\/p>\n<p>Le v\u00e9lo a \u00e9t\u00e9 peint et assembl\u00e9 par le magasin de cycles Thirouard \u00e0 Bourges (centre de la France). Les couleurs sont typiques des peintures de ce petit fabricant de v\u00e9los, qui proposait \u00e0 ses clients des v\u00e9los sur mesure et personnalis\u00e9s.<\/p>\n<p>Ce mod\u00e8le a \u00e9t\u00e9 achet\u00e9 avec diff\u00e9rentes pi\u00e8ces qui ne sont pas assorties.<br \/>\nUn groupe Shimano 600 Arabesque (sauf les manettes de d\u00e9railleur) a \u00e9t\u00e9 mont\u00e9 et s'accorde parfaitement au style du v\u00e9lo.<\/p>\n<p>Le v\u00e9lo de course est en bon \u00e9tat et d'origine.<br \/>\nLe cadre a quelques rayures, mais les autocollants sont intacts.<br \/>\nLe v\u00e9lo de course a \u00e9t\u00e9 restaur\u00e9 et fonctionne parfaitement.<\/p>","protected":false},"featured_media":8776,"comment_status":"open","ping_status":"closed","template":"","meta":{"_seopress_robots_primary_cat":"none","_seopress_titles_title":"","_seopress_titles_desc":"","_seopress_robots_index":"","_monsterinsights_skip_tracking":false,"_monsterinsights_sitenote_active":false,"_monsterinsights_sitenote_note":"","_monsterinsights_sitenote_category":0},"product_brand":[],"product_cat":[45,88],"product_tag":[],"marke":[109],"groesse":[35],"fahrrad-typ":[],"class_list":{"0":"post-8777","1":"product","2":"type-product","3":"status-publish","4":"has-post-thumbnail","6":"product_cat-vintage-rennraeder","7":"product_cat-vintage-fahrraeder","8":"marke-j-thirouard","9":"groesse-59-60cm","11":"first","12":"instock","13":"shipping-taxable","14":"purchasable","15":"product-type-simple"},"_links":{"self":[{"href":"https:\/\/www.jolivelo.com\/fr\/wp-json\/wp\/v2\/product\/8777","targetHints":{"allow":["GET"]}}],"collection":[{"href":"https:\/\/www.jolivelo.com\/fr\/wp-json\/wp\/v2\/product"}],"about":[{"href":"https:\/\/www.jolivelo.com\/fr\/wp-json\/wp\/v2\/types\/product"}],"replies":[{"embeddable":true,"href":"https:\/\/www.jolivelo.com\/fr\/wp-json\/wp\/v2\/comments?post=8777"}],"wp:featuredmedia":[{"embeddable":true,"href":"https:\/\/www.jolivelo.com\/fr\/wp-json\/wp\/v2\/media\/8776"}],"wp:attachment":[{"href":"https:\/\/www.jolivelo.com\/fr\/wp-json\/wp\/v2\/media?parent=8777"}],"wp:term":[{"taxonomy":"product_brand","embeddable":true,"href":"https:\/\/www.jolivelo.com\/fr\/wp-json\/wp\/v2\/product_brand?post=8777"},{"taxonomy":"product_cat","embeddable":true,"href":"https:\/\/www.jolivelo.com\/fr\/wp-json\/wp\/v2\/product_cat?post=8777"},{"taxonomy":"product_tag","embeddable":true,"href":"https:\/\/www.jolivelo.com\/fr\/wp-json\/wp\/v2\/product_tag?post=8777"},{"taxonomy":"marke","embeddable":true,"href":"https:\/\/www.jolivelo.com\/fr\/wp-json\/wp\/v2\/marke?post=8777"},{"taxonomy":"groesse","embeddable":true,"href":"https:\/\/www.jolivelo.com\/fr\/wp-json\/wp\/v2\/groesse?post=8777"},{"taxonomy":"fahrrad-typ","embeddable":true,"href":"https:\/\/www.jolivelo.com\/fr\/wp-json\/wp\/v2\/fahrrad-typ?post=8777"}],"curies":[{"name":"wp","href":"https:\/\/api.w.org\/{rel}","templated":true}]}}

Vélo de course vintage J.Thirouard - Shimano 600 Arabesque - 59cm

<p>Retro / Vintage Fahrrad / Oldtimer J.Thirouard</p>
<p>Rahmenhöhe: 59cm (↕️ 176cm &#8211; 188cm)<br />
Vitesses : 10 (2 x 5)</p>
<p>Le vélo a été peint et assemblé par le magasin de cycles Thirouard à Bourges (centre de la France). Les couleurs sont typiques des peintures de ce petit fabricant de vélos, qui proposait à ses clients des vélos sur mesure et personnalisés.</p>
<p>Ce modèle a été acheté avec différentes pièces qui ne sont pas assorties.<br />
Un groupe Shimano 600 Arabesque (sauf les manettes de dérailleur) a été monté et s'accorde parfaitement au style du vélo.</p>
<p>Le vélo de course est en bon état et d'origine.<br />
Le cadre a quelques rayures, mais les autocollants sont intacts.<br />
Le vélo de course a été restauré et fonctionne parfaitement.</p>
<p>&nbsp;</p>
<p>⚙️ Composants :</p>
<p>- Transmission : Shimano 600 Arabesque<br />
- Freins : Shimano 600<br />
- Les moyeux de roue : Pelissier<br />
- Guidon : 3TTT - Mod Competizione<br />
- Potence : Cinelli<br />
- Pédales : Kyokuto Pro Vic<br />
- les jantes : Wolber<br />
- Levier de vitesse : Simplex<br />
- Levier de frein : Shimano 600<br />
- Selle : Turbo - Bernard Hinault<br />
- Tige de selle : SMP Selle<br />
- Jeu de manivelles : Shimano 600<br />
- Pneus : Michelin Dynamic Sport 700 x 25</p>
<p>☝️Was a été fait sur ce vélo ?</p>
<p>✔️ Entièrement nettoyé et poli<br />
✔️ Nouveaux patins de frein<br />
✔️ Bandeau de direction nouveau<br />
✔️ Nouvelle chaîne<br />
✔️ Nouveaux câbles de frein<br />
✔️ Nouvelles enveloppes de frein<br />
✔️ Cassette neuve<br />
✔️ Pneus neufs<br />
✔️ Nouvelles enveloppes de circuit<br />
✔️ Nouveaux câbles de commande<br />
✔️ Patins de frein neufs<br />
✔️ Tous les roulements ont été nettoyés et graissés à nouveau</p>
<p>✈️ Envoi possible dans le monde entier</p>
<p>⚡️Regelmäßig propose des vélos vintage neufs !</p>
<p>✌️Was est Joli Vélo ?<br />
Derrière la petite entreprise Joli Vélo se cache un Français qui est tombé amoureux des vélos vintage...</p>
<p>Je vis à Kiel depuis quelques années et je vais souvent en France pour chasser les beaux vélos !</p>

<p>Hauteur du cadre : 59cm (↕️ 175cm - 188cm)<br />
Vitesses : 10 (2 x 5)</p>
<p>Le vélo a été peint et assemblé par le magasin de cycles Thirouard à Bourges (centre de la France). Les couleurs sont typiques des peintures de ce petit fabricant de vélos, qui proposait à ses clients des vélos sur mesure et personnalisés.</p>
<p>Ce modèle a été acheté avec différentes pièces qui ne sont pas assorties.<br />
Un groupe Shimano 600 Arabesque (sauf les manettes de dérailleur) a été monté et s'accorde parfaitement au style du vélo.</p>
<p>Le vélo de course est en bon état et d'origine.<br />
Le cadre a quelques rayures, mais les autocollants sont intacts.<br />
Le vélo de course a été restauré et fonctionne parfaitement.</p>
