{"id":8683,"date":"2026-04-10T17:48:47","date_gmt":"2026-04-10T17:48:47","guid":{"rendered":"https:\/\/www.jolivelo.com\/?post_type=product&#038;p=8683"},"modified":"2026-04-10T18:20:24","modified_gmt":"2026-04-10T18:20:24","slug":"velo-de-course-vintage-peugeot-ph10ls-tourmalet-1986-bordeaux-60cm","status":"publish","type":"product","link":"https:\/\/www.jolivelo.com\/fr\/produit\/velo-de-course-vintage-peugeot-ph10ls-tourmalet-1986-bordeaux-60cm\/","title":{"rendered":"V\u00e9lo de course vintage Peugeot PH10LS Tourmalet 1986 - bordeaux - 60cm"},"content":{"rendered":"<p>Retro Fahrrad Peugeot PH10LS Tourmalet 1986<\/p>\n<p>Hauteur du cadre : 60cm (\u2195\ufe0f 178cm - 188cm)<br \/>\nVitesses : 12 (2 x 6)<\/p>\n<p>Le v\u00e9lo de course est en bon \u00e9tat et d'origine.<br \/>\nLe cadre a quelques rayures, mais les autocollants sont intacts.<br \/>\nLe v\u00e9lo de course a \u00e9t\u00e9 restaur\u00e9 et fonctionne parfaitement.<\/p>\n<p>\u2699\ufe0f Composants :<\/p>\n<p>- Cadre de la voiture : Carbolite 103 by Peugeot<br \/>\n- Circuit : Simplex (2 x 6)<br \/>\n- Freins : CLB<br \/>\n- Guidon : Philippe - Franco Italia<br \/>\n- Moyeux de roues : Maillard Helicomatic<br \/>\n- Jantes : Rigida<br \/>\n- P\u00e9dales : SR Japan<br \/>\n- Jeu de manivelles : Solida<br \/>\n- Pneus : Michelin Dynamic Classic 700 x 25<\/p>\n<p>\u261d\ufe0fWas a \u00e9t\u00e9 fait sur ce v\u00e9lo ?<\/p>\n<p>\u2714\ufe0f Enti\u00e8rement nettoy\u00e9 et poli<br \/>\n\u2714\ufe0f Pneus neufs<br \/>\n\u2714\ufe0f Tuyaux d'air neufs<br \/>\n\u2714\ufe0f Nouveaux c\u00e2bles de frein<br \/>\n\u2714\ufe0f Nouvelles enveloppes de frein<br \/>\n\u2714\ufe0f Nouveaux patins de frein<br \/>\n\u2714\ufe0f Nouvelles enveloppes de circuit<br \/>\n\u2714\ufe0f Nouveaux c\u00e2bles de commande<br \/>\n\u2714\ufe0f Bande de guidon neuve<br \/>\n\u2714\ufe0f Nouvelle cha\u00eene<br \/>\n\u2714\ufe0f Selle nouvelle<br \/>\n\u2714\ufe0f Tous les roulements ont \u00e9t\u00e9 nettoy\u00e9s et graiss\u00e9s \u00e0 nouveau<\/p>\n<p>\u2708\ufe0f Envoi possible dans le monde entier<\/p>\n<p>\u26a1\ufe0fRegelm\u00e4\u00dfig propose des v\u00e9los vintage neufs !<\/p>","protected":false},"excerpt":{"rendered":"<p>Hauteur du cadre : 60cm (\u2195\ufe0f 178cm - 188cm)<br \/>\nVitesses : 12 (2 x 6)<\/p>\n<p>Le v\u00e9lo de course est en bon \u00e9tat et d'origine.<br \/>\nLe cadre a quelques rayures, mais les autocollants sont intacts.<br \/>\nLe v\u00e9lo de course a \u00e9t\u00e9 restaur\u00e9 et fonctionne parfaitement.<\/p>","protected":false},"featured_media":8703,"comment_status":"open","ping_status":"closed","template":"","meta":{"_seopress_robots_primary_cat":"none","_seopress_titles_title":"","_seopress_titles_desc":"","_seopress_robots_index":"","_monsterinsights_skip_tracking":false,"_monsterinsights_sitenote_active":false,"_monsterinsights_sitenote_note":"","_monsterinsights_sitenote_category":0},"product_brand":[],"product_cat":[45,88],"product_tag":[],"marke":[16],"groesse":[35],"fahrrad-typ":[],"class_list":{"0":"post-8683","1":"product","2":"type-product","3":"status-publish","4":"has-post-thumbnail","6":"product_cat-vintage-rennraeder","7":"product_cat-vintage-fahrraeder","8":"marke-peugeot","9":"groesse-59-60cm","11":"first","12":"instock","13":"shipping-taxable","14":"purchasable","15":"product-type-simple"},"_links":{"self":[{"href":"https:\/\/www.jolivelo.com\/fr\/wp-json\/wp\/v2\/product\/8683","targetHints":{"allow":["GET"]}}],"collection":[{"href":"https:\/\/www.jolivelo.com\/fr\/wp-json\/wp\/v2\/product"}],"about":[{"href":"https:\/\/www.jolivelo.com\/fr\/wp-json\/wp\/v2\/types\/product"}],"replies":[{"embeddable":true,"href":"https:\/\/www.jolivelo.com\/fr\/wp-json\/wp\/v2\/comments?post=8683"}],"wp:featuredmedia":[{"embeddable":true,"href":"https:\/\/www.jolivelo.com\/fr\/wp-json\/wp\/v2\/media\/8703"}],"wp:attachment":[{"href":"https:\/\/www.jolivelo.com\/fr\/wp-json\/wp\/v2\/media?parent=8683"}],"wp:term":[{"taxonomy":"product_brand","embeddable":true,"href":"https:\/\/www.jolivelo.com\/fr\/wp-json\/wp\/v2\/product_brand?post=8683"},{"taxonomy":"product_cat","embeddable":true,"href":"https:\/\/www.jolivelo.com\/fr\/wp-json\/wp\/v2\/product_cat?post=8683"},{"taxonomy":"product_tag","embeddable":true,"href":"https:\/\/www.jolivelo.com\/fr\/wp-json\/wp\/v2\/product_tag?post=8683"},{"taxonomy":"marke","embeddable":true,"href":"https:\/\/www.jolivelo.com\/fr\/wp-json\/wp\/v2\/marke?post=8683"},{"taxonomy":"groesse","embeddable":true,"href":"https:\/\/www.jolivelo.com\/fr\/wp-json\/wp\/v2\/groesse?post=8683"},{"taxonomy":"fahrrad-typ","embeddable":true,"href":"https:\/\/www.jolivelo.com\/fr\/wp-json\/wp\/v2\/fahrrad-typ?post=8683"}],"curies":[{"name":"wp","href":"https:\/\/api.w.org\/{rel}","templated":true}]}}

Vélo de course vintage Peugeot PH10LS Tourmalet 1986 - bordeaux - 60cm

<p>Retro Fahrrad Peugeot PH10LS Tourmalet 1986</p>
<p>Hauteur du cadre : 60cm (↕️ 178cm - 188cm)<br />
Vitesses : 12 (2 x 6)</p>
<p>Le vélo de course est en bon état et d'origine.<br />
Le cadre a quelques rayures, mais les autocollants sont intacts.<br />
Le vélo de course a été restauré et fonctionne parfaitement.</p>
<p>⚙️ Composants :</p>
<p>- Cadre de la voiture : Carbolite 103 by Peugeot<br />
- Circuit : Simplex (2 x 6)<br />
- Freins : CLB<br />
- Guidon : Philippe - Franco Italia<br />
- Moyeux de roues : Maillard Helicomatic<br />
- Jantes : Rigida<br />
- Pédales : SR Japan<br />
- Jeu de manivelles : Solida<br />
- Pneus : Michelin Dynamic Classic 700 x 25</p>
<p>☝️Was a été fait sur ce vélo ?</p>
<p>✔️ Entièrement nettoyé et poli<br />
✔️ Pneus neufs<br />
✔️ Tuyaux d'air neufs<br />
✔️ Nouveaux câbles de frein<br />
✔️ Nouvelles enveloppes de frein<br />
✔️ Nouveaux patins de frein<br />
✔️ Nouvelles enveloppes de circuit<br />
✔️ Nouveaux câbles de commande<br />
✔️ Bande de guidon neuve<br />
✔️ Nouvelle chaîne<br />
✔️ Selle nouvelle<br />
✔️ Tous les roulements ont été nettoyés et graissés à nouveau</p>
<p>✈️ Envoi possible dans le monde entier</p>
<p>⚡️Regelmäßig propose des vélos vintage neufs !</p>

<p>Hauteur du cadre : 60cm (↕️ 178cm - 188cm)<br />
Vitesses : 12 (2 x 6)</p>
<p>Le vélo de course est en bon état et d'origine.<br />
Le cadre a quelques rayures, mais les autocollants sont intacts.<br />
Le vélo de course a été restauré et fonctionne parfaitement.</p>
