{"id":8671,"date":"2026-04-08T19:44:32","date_gmt":"2026-04-08T19:44:32","guid":{"rendered":"https:\/\/www.jolivelo.com\/?post_type=product&#038;p=8671"},"modified":"2026-04-14T11:31:44","modified_gmt":"2026-04-14T11:31:44","slug":"velo-de-course-vintage-peugeot-mont-blanc-1989-noir-60cm","status":"publish","type":"product","link":"https:\/\/www.jolivelo.com\/fr\/produit\/velo-de-course-vintage-peugeot-mont-blanc-1989-noir-60cm\/","title":{"rendered":"V\u00e9lo de course vintage Peugeot Mont-Blanc 1989 - noir - 60cm"},"content":{"rendered":"<p>Retro Fahrrad Peugeot Mont-Blanc im sehr guten Zustand<\/p>\n<p>Hauteur du cadre : 60cm (\u2195\ufe0f 178cm - 188cm)<br \/>\nVitesses : 12 (2 x 6)<\/p>\n<p>Un tr\u00e8s beau et rare mod\u00e8le Peugeot de la fin des ann\u00e9es 80, dont toutes les pi\u00e8ces m\u00e9caniques sont peintes en blanc. \u00c9dition limit\u00e9e.<\/p>\n<p>Le v\u00e9lo de course est en tr\u00e8s bon \u00e9tat et d'origine.<br \/>\nLe cadre n'a pas de rayures et les autocollants sont intacts.<br \/>\nLe v\u00e9lo de course a \u00e9t\u00e9 restaur\u00e9 et fonctionne parfaitement.<\/p>\n<p>\u2699\ufe0f Composants :<\/p>\n<p>- Cadre de travail : HLE Mangalloy<br \/>\n- Transmission : Sachs-Guret Rival Aris (2 x 6)<br \/>\n- Freins : CLB Omega R<br \/>\n- Guidon : CTA<br \/>\n- Potence : CTA<br \/>\n- Moyeux de roues : M\u00e9canisme scell\u00e9 Maillard<br \/>\n- Jantes : Mavic 190FB<br \/>\n- Jeu de manivelles : Nervar<br \/>\n- Pneus : Michelin Dynamic Classic 700 x 25<\/p>\n<p>\u261d\ufe0fWas a \u00e9t\u00e9 fait sur ce v\u00e9lo ?<\/p>\n<p>\u2714\ufe0f Enti\u00e8rement nettoy\u00e9 et poli<br \/>\n\u2714\ufe0f Pneus neufs<br \/>\n\u2714\ufe0f Tuyaux d'air neufs<br \/>\n\u2714\ufe0f Nouveaux c\u00e2bles de frein<br \/>\n\u2714\ufe0f Nouvelles enveloppes de frein<br \/>\n\u2714\ufe0f Nouveaux patins de frein<br \/>\n\u2714\ufe0f Nouvelles enveloppes de circuit<br \/>\n\u2714\ufe0f Nouveaux c\u00e2bles de commande<br \/>\n\u2714\ufe0f Bande de guidon neuve<br \/>\n\u2714\ufe0f Tous les roulements ont \u00e9t\u00e9 nettoy\u00e9s et graiss\u00e9s \u00e0 nouveau<\/p>\n<p>\u2708\ufe0f Envoi possible dans le monde entier<\/p>\n<p>\u26a1\ufe0fRegelm\u00e4\u00dfig propose des v\u00e9los vintage neufs !<\/p>","protected":false},"excerpt":{"rendered":"<p>Hauteur du cadre : 60cm (\u2195\ufe0f 178cm - 188cm)<br \/>\nVitesses : 12 (2 x 6)<\/p>\n<p>Un tr\u00e8s beau et rare mod\u00e8le Peugeot de la fin des ann\u00e9es 80, dont toutes les pi\u00e8ces m\u00e9caniques sont peintes en blanc. \u00c9dition limit\u00e9e.<\/p>\n<p>Le v\u00e9lo de course est en tr\u00e8s bon \u00e9tat et d'origine.<br \/>\nLe cadre n'a pas de rayures et les autocollants sont intacts.<br \/>\nLe v\u00e9lo de course a \u00e9t\u00e9 restaur\u00e9 et fonctionne parfaitement.<\/p>","protected":false},"featured_media":8641,"comment_status":"open","ping_status":"closed","template":"","meta":{"_seopress_robots_primary_cat":"none","_seopress_titles_title":"","_seopress_titles_desc":"","_seopress_robots_index":"","_monsterinsights_skip_tracking":false,"_monsterinsights_sitenote_active":false,"_monsterinsights_sitenote_note":"","_monsterinsights_sitenote_category":0},"product_brand":[],"product_cat":[45,88],"product_tag":[],"marke":[16],"groesse":[35],"fahrrad-typ":[],"class_list":{"0":"post-8671","1":"product","2":"type-product","3":"status-publish","4":"has-post-thumbnail","6":"product_cat-vintage-rennraeder","7":"product_cat-vintage-fahrraeder","8":"marke-peugeot","9":"groesse-59-60cm","11":"first","12":"instock","13":"shipping-taxable","14":"purchasable","15":"product-type-simple"},"_links":{"self":[{"href":"https:\/\/www.jolivelo.com\/fr\/wp-json\/wp\/v2\/product\/8671","targetHints":{"allow":["GET"]}}],"collection":[{"href":"https:\/\/www.jolivelo.com\/fr\/wp-json\/wp\/v2\/product"}],"about":[{"href":"https:\/\/www.jolivelo.com\/fr\/wp-json\/wp\/v2\/types\/product"}],"replies":[{"embeddable":true,"href":"https:\/\/www.jolivelo.com\/fr\/wp-json\/wp\/v2\/comments?post=8671"}],"wp:featuredmedia":[{"embeddable":true,"href":"https:\/\/www.jolivelo.com\/fr\/wp-json\/wp\/v2\/media\/8641"}],"wp:attachment":[{"href":"https:\/\/www.jolivelo.com\/fr\/wp-json\/wp\/v2\/media?parent=8671"}],"wp:term":[{"taxonomy":"product_brand","embeddable":true,"href":"https:\/\/www.jolivelo.com\/fr\/wp-json\/wp\/v2\/product_brand?post=8671"},{"taxonomy":"product_cat","embeddable":true,"href":"https:\/\/www.jolivelo.com\/fr\/wp-json\/wp\/v2\/product_cat?post=8671"},{"taxonomy":"product_tag","embeddable":true,"href":"https:\/\/www.jolivelo.com\/fr\/wp-json\/wp\/v2\/product_tag?post=8671"},{"taxonomy":"marke","embeddable":true,"href":"https:\/\/www.jolivelo.com\/fr\/wp-json\/wp\/v2\/marke?post=8671"},{"taxonomy":"groesse","embeddable":true,"href":"https:\/\/www.jolivelo.com\/fr\/wp-json\/wp\/v2\/groesse?post=8671"},{"taxonomy":"fahrrad-typ","embeddable":true,"href":"https:\/\/www.jolivelo.com\/fr\/wp-json\/wp\/v2\/fahrrad-typ?post=8671"}],"curies":[{"name":"wp","href":"https:\/\/api.w.org\/{rel}","templated":true}]}}

Vélo de course vintage Peugeot Mont-Blanc 1989 - noir - 60cm

<p>Retro Fahrrad Peugeot Mont-Blanc im sehr guten Zustand</p>
<p>Hauteur du cadre : 60cm (↕️ 178cm - 188cm)<br />
Vitesses : 12 (2 x 6)</p>
<p>Un très beau et rare modèle Peugeot de la fin des années 80, dont toutes les pièces mécaniques sont peintes en blanc. Édition limitée.</p>
<p>Le vélo de course est en très bon état et d'origine.<br />
Le cadre n'a pas de rayures et les autocollants sont intacts.<br />
Le vélo de course a été restauré et fonctionne parfaitement.</p>
<p>⚙️ Composants :</p>
<p>- Cadre de travail : HLE Mangalloy<br />
- Transmission : Sachs-Guret Rival Aris (2 x 6)<br />
- Freins : CLB Omega R<br />
- Guidon : CTA<br />
- Potence : CTA<br />
- Moyeux de roues : Mécanisme scellé Maillard<br />
- Jantes : Mavic 190FB<br />
- Jeu de manivelles : Nervar<br />
- Pneus : Michelin Dynamic Classic 700 x 25</p>
<p>☝️Was a été fait sur ce vélo ?</p>
<p>✔️ Entièrement nettoyé et poli<br />
✔️ Pneus neufs<br />
✔️ Tuyaux d'air neufs<br />
✔️ Nouveaux câbles de frein<br />
✔️ Nouvelles enveloppes de frein<br />
✔️ Nouveaux patins de frein<br />
✔️ Nouvelles enveloppes de circuit<br />
✔️ Nouveaux câbles de commande<br />
✔️ Bande de guidon neuve<br />
✔️ Tous les roulements ont été nettoyés et graissés à nouveau</p>
<p>✈️ Envoi possible dans le monde entier</p>
<p>⚡️Regelmäßig propose des vélos vintage neufs !</p>

<p>Hauteur du cadre : 60cm (↕️ 178cm - 188cm)<br />
Vitesses : 12 (2 x 6)</p>
<p>Un très beau et rare modèle Peugeot de la fin des années 80, dont toutes les pièces mécaniques sont peintes en blanc. Édition limitée.</p>
<p>Le vélo de course est en très bon état et d'origine.<br />
Le cadre n'a pas de rayures et les autocollants sont intacts.<br />
Le vélo de course a été restauré et fonctionne parfaitement.</p>
