{"id":8534,"date":"2026-03-22T18:33:13","date_gmt":"2026-03-22T18:33:13","guid":{"rendered":"https:\/\/www.jolivelo.com\/?post_type=product&#038;p=8534"},"modified":"2026-04-28T10:07:50","modified_gmt":"2026-04-28T10:07:50","slug":"velo-de-dame-vintage-peugeot-lavandou-blanc-48cm","status":"publish","type":"product","link":"https:\/\/www.jolivelo.com\/fr\/produit\/velo-de-dame-vintage-peugeot-lavandou-blanc-48cm\/","title":{"rendered":"V\u00e9lo vintage pour femme Peugeot Lavandou - blanc - 48cm"},"content":{"rendered":"<p>Vintage Fahrrad \/ Oldtimer Peugeot Lavandou<\/p>\n<p>Hauteur du cadre : 48cm (\u2195\ufe0f 148cm - 164cm)<br \/>\nVitesses : 10 (2 x 5)<\/p>\n<p>Ce beau v\u00e9lo pour femme est en bon \u00e9tat et d'origine.<br \/>\nLe cadre a quelques rayures, mais les autocollants sont intacts.<br \/>\nLe v\u00e9lo a \u00e9t\u00e9 inspect\u00e9 et fonctionne parfaitement.<\/p>\n<p>\u2699\ufe0f Composants :<\/p>\n<p>- Cadre de travail : HLE Mangalloy<br \/>\n- D\u00e9railleur : Sachs-Huret (2\u00d75)<br \/>\n- Freins : Weinmann Alpha<br \/>\n- Potence : Atax<br \/>\n- les moyeux de roue : Sachs-Maillard<br \/>\n- Jeu de manivelles : Solida<br \/>\n- Jantes : Rigida Superchromix<br \/>\n- Pneus : Michelin Dynamic Sport 700 x 25<\/p>\n<p>\u261d\ufe0fWas a \u00e9t\u00e9 fait sur ce v\u00e9lo ?<\/p>\n<p>\u2714\ufe0fKomplett nettoy\u00e9 et poli<br \/>\n\u2714\ufe0fReifen nouveau<br \/>\n\u2714\ufe0fLuftschl\u00e4uche nouveau<br \/>\n\u2714\ufe0fNeue C\u00e2bles de frein<br \/>\n\u2714\ufe0fNeue Enveloppes de frein<br \/>\n\u2714\ufe0fNeue Enveloppes de circuits<br \/>\n\u2714\ufe0fNeue C\u00e2bles de commande<br \/>\n\u2714\ufe0f Nouveau ruban de guidon<br \/>\n\u2714\ufe0f Nouvelles p\u00e9dales<\/p>\n<p>\u2708\ufe0f Envoi possible dans le monde entier<\/p>\n<p>\u26a1\ufe0fRegelm\u00e4\u00dfig propose des v\u00e9los vintage neufs !<\/p>\n<p>\u270c\ufe0fWas est Joli V\u00e9lo ?<br \/>\nDerri\u00e8re la petite entreprise Joli V\u00e9lo se cache un Fran\u00e7ais qui est tomb\u00e9 amoureux des v\u00e9los vintage...<\/p>","protected":false},"excerpt":{"rendered":"<p>Hauteur du cadre : 48cm (\u2195\ufe0f 148cm - 164cm)<br \/>\nVitesses : 10 (2 x 5)<\/p>\n<p>Ce beau v\u00e9lo pour femme est en bon \u00e9tat et d'origine.<br \/>\nLe cadre a quelques rayures, mais les autocollants sont intacts.<br \/>\nLe v\u00e9lo a \u00e9t\u00e9 inspect\u00e9 et fonctionne parfaitement.<\/p>","protected":false},"featured_media":8514,"comment_status":"open","ping_status":"closed","template":"","meta":{"_seopress_robots_primary_cat":"none","_seopress_titles_title":"","_seopress_titles_desc":"","_seopress_robots_index":"","_monsterinsights_skip_tracking":false,"_monsterinsights_sitenote_active":false,"_monsterinsights_sitenote_note":"","_monsterinsights_sitenote_category":0},"product_brand":[],"product_cat":[45,84,88],"product_tag":[],"marke":[16],"groesse":[31],"fahrrad-typ":[],"class_list":{"0":"post-8534","1":"product","2":"type-product","3":"status-publish","4":"has-post-thumbnail","6":"product_cat-vintage-rennraeder","7":"product_cat-schon-verkauft","8":"product_cat-vintage-fahrraeder","9":"marke-peugeot","10":"groesse-53cm","12":"first","13":"outofstock","14":"shipping-taxable","15":"product-type-simple"},"_links":{"self":[{"href":"https:\/\/www.jolivelo.com\/fr\/wp-json\/wp\/v2\/product\/8534","targetHints":{"allow":["GET"]}}],"collection":[{"href":"https:\/\/www.jolivelo.com\/fr\/wp-json\/wp\/v2\/product"}],"about":[{"href":"https:\/\/www.jolivelo.com\/fr\/wp-json\/wp\/v2\/types\/product"}],"replies":[{"embeddable":true,"href":"https:\/\/www.jolivelo.com\/fr\/wp-json\/wp\/v2\/comments?post=8534"}],"wp:featuredmedia":[{"embeddable":true,"href":"https:\/\/www.jolivelo.com\/fr\/wp-json\/wp\/v2\/media\/8514"}],"wp:attachment":[{"href":"https:\/\/www.jolivelo.com\/fr\/wp-json\/wp\/v2\/media?parent=8534"}],"wp:term":[{"taxonomy":"product_brand","embeddable":true,"href":"https:\/\/www.jolivelo.com\/fr\/wp-json\/wp\/v2\/product_brand?post=8534"},{"taxonomy":"product_cat","embeddable":true,"href":"https:\/\/www.jolivelo.com\/fr\/wp-json\/wp\/v2\/product_cat?post=8534"},{"taxonomy":"product_tag","embeddable":true,"href":"https:\/\/www.jolivelo.com\/fr\/wp-json\/wp\/v2\/product_tag?post=8534"},{"taxonomy":"marke","embeddable":true,"href":"https:\/\/www.jolivelo.com\/fr\/wp-json\/wp\/v2\/marke?post=8534"},{"taxonomy":"groesse","embeddable":true,"href":"https:\/\/www.jolivelo.com\/fr\/wp-json\/wp\/v2\/groesse?post=8534"},{"taxonomy":"fahrrad-typ","embeddable":true,"href":"https:\/\/www.jolivelo.com\/fr\/wp-json\/wp\/v2\/fahrrad-typ?post=8534"}],"curies":[{"name":"wp","href":"https:\/\/api.w.org\/{rel}","templated":true}]}}

Vélo vintage pour femme Peugeot Lavandou - blanc - 48cm

<p>Vintage Fahrrad / Oldtimer Peugeot Lavandou</p>
<p>Hauteur du cadre : 48cm (↕️ 148cm - 164cm)<br />
Vitesses : 10 (2 x 5)</p>
<p>Ce beau vélo pour femme est en bon état et d'origine.<br />
Le cadre a quelques rayures, mais les autocollants sont intacts.<br />
Le vélo a été inspecté et fonctionne parfaitement.</p>
<p>⚙️ Composants :</p>
<p>- Cadre de travail : HLE Mangalloy<br />
- Dérailleur : Sachs-Huret (2×5)<br />
- Freins : Weinmann Alpha<br />
- Potence : Atax<br />
- les moyeux de roue : Sachs-Maillard<br />
- Jeu de manivelles : Solida<br />
- Jantes : Rigida Superchromix<br />
- Pneus : Michelin Dynamic Sport 700 x 25</p>
<p>☝️Was a été fait sur ce vélo ?</p>
<p>✔️Komplett nettoyé et poli<br />
✔️Reifen nouveau<br />
✔️Luftschläuche nouveau<br />
✔️Neue Câbles de frein<br />
✔️Neue Enveloppes de frein<br />
✔️Neue Enveloppes de circuits<br />
✔️Neue Câbles de commande<br />
✔️ Nouveau ruban de guidon<br />
✔️ Nouvelles pédales</p>
<p>✈️ Envoi possible dans le monde entier</p>
<p>⚡️Regelmäßig propose des vélos vintage neufs !</p>
<p>✌️Was est Joli Vélo ?<br />
Derrière la petite entreprise Joli Vélo se cache un Français qui est tombé amoureux des vélos vintage...</p>

<p>Hauteur du cadre : 48cm (↕️ 148cm - 164cm)<br />
Vitesses : 10 (2 x 5)</p>
<p>Ce beau vélo pour femme est en bon état et d'origine.<br />
Le cadre a quelques rayures, mais les autocollants sont intacts.<br />
Le vélo a été inspecté et fonctionne parfaitement.</p>
