{"id":8353,"date":"2026-04-14T11:13:28","date_gmt":"2026-04-14T11:13:28","guid":{"rendered":"https:\/\/www.jolivelo.com\/?post_type=product&#038;p=8353"},"modified":"2026-04-14T17:58:01","modified_gmt":"2026-04-14T17:58:01","slug":"velo-de-course-vintage-peugeot-racing-replica-58cm","status":"publish","type":"product","link":"https:\/\/www.jolivelo.com\/fr\/produit\/velo-de-course-vintage-peugeot-racing-replica-58cm\/","title":{"rendered":"V\u00e9lo de course vintage Peugeot Racing-Replica - 58cm"},"content":{"rendered":"<p>Retro \/ Vintage Fahrrad \/ Oldtimer Peugeot Team-Replica 1988<\/p>\n<p>Hauteur du cadre : 58cm (\u2195\ufe0f 173cm - 186cm)<br \/>\nVitesses : 12 (2\u00d76)<\/p>\n<p>Le v\u00e9lo de course est en parfait \u00e9tat et d'origine.<br \/>\nLe cadre a quelques rayures, mais les autocollants sont intacts.<br \/>\nLe v\u00e9lo de course a \u00e9t\u00e9 restaur\u00e9 et fonctionne parfaitement.<\/p>\n<p>Un v\u00e9lo assez rare avec un d\u00e9grad\u00e9 aux couleurs de la France.<br \/>\nIl s'agit d'un exemplaire de premi\u00e8re main, achet\u00e9 en France, \u00e0 la fronti\u00e8re avec la Belgique.<\/p>\n<p>\u2699\ufe0f Composants :<\/p>\n<p>- Cadre de travail : HLE Mangalloy<br \/>\n- D\u00e9railleur : Shimano SIS<br \/>\n- Freins : Dia-Compe<br \/>\n- Moyeux de roues : M\u00e9canisme scell\u00e9 Maillard<br \/>\n- Guidon : CTA<br \/>\n- Potence : CTA<br \/>\n- P\u00e9dales : Maillard CXC<br \/>\n- Jantes : Rigida<br \/>\n- Jeu de manivelles : Nervar<br \/>\n- Pneus : Michelin Dynamic Sport 700 x 25<\/p>\n<p>\u261d\ufe0fWas a \u00e9t\u00e9 fait sur ce v\u00e9lo ?<\/p>\n<p>\u2714\ufe0f Enti\u00e8rement nettoy\u00e9 et poli<br \/>\n\u2714\ufe0f Nouveaux patins de frein<br \/>\n\u2714\ufe0f Bandeau de direction nouveau<br \/>\n\u2714\ufe0f Selle nouvelle<br \/>\n\u2714\ufe0f Nouveaux c\u00e2bles de frein<br \/>\n\u2714\ufe0f Nouvelles enveloppes de frein<br \/>\n\u2714\ufe0f Cassette neuve<br \/>\n\u2714\ufe0f Pneus neufs<br \/>\n\u2714\ufe0f Nouvelles enveloppes de circuit<br \/>\n\u2714\ufe0f Nouveaux c\u00e2bles de commande<br \/>\n\u2714\ufe0f Patins de frein neufs<br \/>\n\u2714\ufe0f Tous les roulements ont \u00e9t\u00e9 nettoy\u00e9s et graiss\u00e9s \u00e0 nouveau<\/p>\n<p>\u2708\ufe0f Envoi possible dans le monde entier<\/p>\n<p>\u26a1\ufe0fRegelm\u00e4\u00dfig propose des v\u00e9los vintage neufs !<\/p>\n<p>\u270c\ufe0fWas est Joli V\u00e9lo ?<br \/>\nDerri\u00e8re la petite entreprise Joli V\u00e9lo se cache un Fran\u00e7ais qui est tomb\u00e9 amoureux des v\u00e9los vintage...<\/p>\n<p>Je vis \u00e0 Kiel depuis quelques ann\u00e9es et je vais souvent en France pour chasser les beaux v\u00e9los !<\/p>","protected":false},"excerpt":{"rendered":"<p>Hauteur du cadre : 58cm (\u2195\ufe0f 173cm - 186cm)<br \/>\nVitesses : 12 (2\u00d76)<\/p>\n<p>Le v\u00e9lo de course est en parfait \u00e9tat et d'origine.<br \/>\nLe cadre a quelques rayures, mais les autocollants sont intacts.<br \/>\nLe v\u00e9lo de course a \u00e9t\u00e9 restaur\u00e9 et fonctionne parfaitement.<\/p>\n<p>Un v\u00e9lo assez rare avec un d\u00e9grad\u00e9 aux couleurs de la France.<br \/>\nIl s'agit d'un exemplaire de premi\u00e8re main, achet\u00e9 en France, \u00e0 la fronti\u00e8re avec la Belgique.<\/p>","protected":false},"featured_media":8745,"comment_status":"open","ping_status":"closed","template":"","meta":{"_seopress_robots_primary_cat":"none","_seopress_titles_title":"","_seopress_titles_desc":"","_seopress_robots_index":"","_monsterinsights_skip_tracking":false,"_monsterinsights_sitenote_active":false,"_monsterinsights_sitenote_note":"","_monsterinsights_sitenote_category":0},"product_brand":[],"product_cat":[45,88],"product_tag":[],"marke":[16],"groesse":[34],"fahrrad-typ":[],"class_list":{"0":"post-8353","1":"product","2":"type-product","3":"status-publish","4":"has-post-thumbnail","6":"product_cat-vintage-rennraeder","7":"product_cat-vintage-fahrraeder","8":"marke-peugeot","9":"groesse-57-58cm","11":"first","12":"instock","13":"shipping-taxable","14":"purchasable","15":"product-type-simple"},"_links":{"self":[{"href":"https:\/\/www.jolivelo.com\/fr\/wp-json\/wp\/v2\/product\/8353","targetHints":{"allow":["GET"]}}],"collection":[{"href":"https:\/\/www.jolivelo.com\/fr\/wp-json\/wp\/v2\/product"}],"about":[{"href":"https:\/\/www.jolivelo.com\/fr\/wp-json\/wp\/v2\/types\/product"}],"replies":[{"embeddable":true,"href":"https:\/\/www.jolivelo.com\/fr\/wp-json\/wp\/v2\/comments?post=8353"}],"wp:featuredmedia":[{"embeddable":true,"href":"https:\/\/www.jolivelo.com\/fr\/wp-json\/wp\/v2\/media\/8745"}],"wp:attachment":[{"href":"https:\/\/www.jolivelo.com\/fr\/wp-json\/wp\/v2\/media?parent=8353"}],"wp:term":[{"taxonomy":"product_brand","embeddable":true,"href":"https:\/\/www.jolivelo.com\/fr\/wp-json\/wp\/v2\/product_brand?post=8353"},{"taxonomy":"product_cat","embeddable":true,"href":"https:\/\/www.jolivelo.com\/fr\/wp-json\/wp\/v2\/product_cat?post=8353"},{"taxonomy":"product_tag","embeddable":true,"href":"https:\/\/www.jolivelo.com\/fr\/wp-json\/wp\/v2\/product_tag?post=8353"},{"taxonomy":"marke","embeddable":true,"href":"https:\/\/www.jolivelo.com\/fr\/wp-json\/wp\/v2\/marke?post=8353"},{"taxonomy":"groesse","embeddable":true,"href":"https:\/\/www.jolivelo.com\/fr\/wp-json\/wp\/v2\/groesse?post=8353"},{"taxonomy":"fahrrad-typ","embeddable":true,"href":"https:\/\/www.jolivelo.com\/fr\/wp-json\/wp\/v2\/fahrrad-typ?post=8353"}],"curies":[{"name":"wp","href":"https:\/\/api.w.org\/{rel}","templated":true}]}}

Vélo de course vintage Peugeot Racing-Replica - 58cm

<p>Retro / Vintage Fahrrad / Oldtimer Peugeot Team-Replica 1988</p>
<p>Hauteur du cadre : 58cm (↕️ 173cm - 186cm)<br />
Vitesses : 12 (2×6)</p>
<p>Le vélo de course est en parfait état et d'origine.<br />
Le cadre a quelques rayures, mais les autocollants sont intacts.<br />
Le vélo de course a été restauré et fonctionne parfaitement.</p>
<p>Un vélo assez rare avec un dégradé aux couleurs de la France.<br />
Il s'agit d'un exemplaire de première main, acheté en France, à la frontière avec la Belgique.</p>
<p>⚙️ Composants :</p>
<p>- Cadre de travail : HLE Mangalloy<br />
- Dérailleur : Shimano SIS<br />
- Freins : Dia-Compe<br />
- Moyeux de roues : Mécanisme scellé Maillard<br />
- Guidon : CTA<br />
- Potence : CTA<br />
- Pédales : Maillard CXC<br />
- Jantes : Rigida<br />
- Jeu de manivelles : Nervar<br />
- Pneus : Michelin Dynamic Sport 700 x 25</p>
<p>☝️Was a été fait sur ce vélo ?</p>
<p>✔️ Entièrement nettoyé et poli<br />
✔️ Nouveaux patins de frein<br />
✔️ Bandeau de direction nouveau<br />
✔️ Selle nouvelle<br />
✔️ Nouveaux câbles de frein<br />
✔️ Nouvelles enveloppes de frein<br />
✔️ Cassette neuve<br />
✔️ Pneus neufs<br />
✔️ Nouvelles enveloppes de circuit<br />
✔️ Nouveaux câbles de commande<br />
✔️ Patins de frein neufs<br />
✔️ Tous les roulements ont été nettoyés et graissés à nouveau</p>
<p>✈️ Envoi possible dans le monde entier</p>
<p>⚡️Regelmäßig propose des vélos vintage neufs !</p>
<p>✌️Was est Joli Vélo ?<br />
Derrière la petite entreprise Joli Vélo se cache un Français qui est tombé amoureux des vélos vintage...</p>
<p>Je vis à Kiel depuis quelques années et je vais souvent en France pour chasser les beaux vélos !</p>

<p>Hauteur du cadre : 58cm (↕️ 173cm - 186cm)<br />
Vitesses : 12 (2×6)</p>
<p>Le vélo de course est en parfait état et d'origine.<br />
Le cadre a quelques rayures, mais les autocollants sont intacts.<br />
Le vélo de course a été restauré et fonctionne parfaitement.</p>
<p>Un vélo assez rare avec un dégradé aux couleurs de la France.<br />
Il s'agit d'un exemplaire de première main, acheté en France, à la frontière avec la Belgique.</p>
