{"id":8328,"date":"2026-04-08T09:40:07","date_gmt":"2026-04-08T09:40:07","guid":{"rendered":"https:\/\/www.jolivelo.com\/?post_type=product&#038;p=8328"},"modified":"2026-04-21T15:24:23","modified_gmt":"2026-04-21T15:24:23","slug":"velo-de-course-vintage-motobecane-tr2-vert-olive-54cm","status":"publish","type":"product","link":"https:\/\/www.jolivelo.com\/fr\/produit\/velo-de-course-vintage-motobecane-tr2-vert-olive-54cm\/","title":{"rendered":"V\u00e9lo de course vintage Motobecane TR2 - vert olive - 54cm"},"content":{"rendered":"<p>Retro Rennrad \/ Vintage Fahrrad Motobecane TR2 1977<\/p>\n<p>Hauteur de cadre : 54cm (\u2195\ufe0f 162cm - 176cm)<br \/>\nVitesses : 10 (2 x 5)<\/p>\n<p>Le v\u00e9lo est en tr\u00e8s bon \u00e9tat et enti\u00e8rement d'origine. Il a la couleur typique des mod\u00e8les Motobecane des ann\u00e9es 70.<br \/>\nAvec ses garde-boue en plastique d'origine, il est parfaitement adapt\u00e9 \u00e0 une utilisation quotidienne.<\/p>\n<p>Le cadre a quelques rayures, mais les autocollants sont intacts.<br \/>\nLe v\u00e9lo de course a \u00e9t\u00e9 restaur\u00e9 et fonctionne parfaitement.<\/p>\n<p>\u2699\ufe0f Composants :<\/p>\n<p>- Cadre : Vitus 172<br \/>\n- Circuit : Huret<br \/>\n- Freins : Weinmann<br \/>\n- les jantes : Weinmann<br \/>\n- Jeu de manivelles : Motobecane<br \/>\n- Les moyeux de roue : Normandy<br \/>\n- Guidon : AVA<br \/>\n- Leviers de frein : Weinmann<br \/>\n- Pneus : Michelin Dynamic Classic 700 x 25<br \/>\n- Tige de selle : Motobecane<br \/>\n- Selle : Sella Italia Anatomic<\/p>\n<p>\u261d\ufe0fWas a \u00e9t\u00e9 fait sur ce v\u00e9lo ?<\/p>\n<p>\u2714\ufe0fKomplett nettoy\u00e9 et poli<br \/>\n\u2714\ufe0fReifen nouveau<br \/>\n\u2714\ufe0fLuftschl\u00e4uche nouveau<br \/>\n\u2714\ufe0fNeue C\u00e2bles de frein<br \/>\n\u2714\ufe0fNeue Enveloppes de circuits<br \/>\n\u2714\ufe0fNeue C\u00e2bles de commande<br \/>\n\u2714\ufe0f Patins de frein neufs<br \/>\n\u2714\ufe0f Tous les roulements ont \u00e9t\u00e9 nettoy\u00e9s et graiss\u00e9s \u00e0 nouveau<\/p>\n<p>\u2708\ufe0f Envoi possible dans le monde entier<\/p>\n<p>\u26a1\ufe0fRegelm\u00e4\u00dfig propose des v\u00e9los vintage neufs !<\/p>\n<p>\u270c\ufe0fWas est Joli V\u00e9lo ?<br \/>\nDerri\u00e8re la petite entreprise Joli V\u00e9lo se cache un Fran\u00e7ais qui est tomb\u00e9 amoureux des v\u00e9los vintage...<\/p>","protected":false},"excerpt":{"rendered":"<p>Hauteur de cadre : 54cm (\u2195\ufe0f 162cm - 176cm)<br \/>\nVitesses : 10 (2 x 5)<\/p>\n<p>Le v\u00e9lo est en tr\u00e8s bon \u00e9tat et enti\u00e8rement d'origine. Il a la couleur typique des mod\u00e8les Motobecane des ann\u00e9es 70.<br \/>\nAvec ses garde-boue en plastique d'origine, il est parfaitement adapt\u00e9 \u00e0 une utilisation quotidienne.<\/p>\n<p>Le cadre a quelques rayures, mais les autocollants sont intacts.<br \/>\nLe v\u00e9lo de course a \u00e9t\u00e9 restaur\u00e9 et fonctionne parfaitement.<\/p>","protected":false},"featured_media":8616,"comment_status":"open","ping_status":"closed","template":"","meta":{"_seopress_robots_primary_cat":"none","_seopress_titles_title":"","_seopress_titles_desc":"","_seopress_robots_index":"","_monsterinsights_skip_tracking":false,"_monsterinsights_sitenote_active":false,"_monsterinsights_sitenote_note":"","_monsterinsights_sitenote_category":0},"product_brand":[],"product_cat":[45,84,88],"product_tag":[],"marke":[17],"groesse":[32],"fahrrad-typ":[],"class_list":{"0":"post-8328","1":"product","2":"type-product","3":"status-publish","4":"has-post-thumbnail","6":"product_cat-vintage-rennraeder","7":"product_cat-schon-verkauft","8":"product_cat-vintage-fahrraeder","9":"marke-motobecane-mbk","10":"groesse-53-54cm","12":"first","13":"outofstock","14":"shipping-taxable","15":"product-type-simple"},"_links":{"self":[{"href":"https:\/\/www.jolivelo.com\/fr\/wp-json\/wp\/v2\/product\/8328","targetHints":{"allow":["GET"]}}],"collection":[{"href":"https:\/\/www.jolivelo.com\/fr\/wp-json\/wp\/v2\/product"}],"about":[{"href":"https:\/\/www.jolivelo.com\/fr\/wp-json\/wp\/v2\/types\/product"}],"replies":[{"embeddable":true,"href":"https:\/\/www.jolivelo.com\/fr\/wp-json\/wp\/v2\/comments?post=8328"}],"wp:featuredmedia":[{"embeddable":true,"href":"https:\/\/www.jolivelo.com\/fr\/wp-json\/wp\/v2\/media\/8616"}],"wp:attachment":[{"href":"https:\/\/www.jolivelo.com\/fr\/wp-json\/wp\/v2\/media?parent=8328"}],"wp:term":[{"taxonomy":"product_brand","embeddable":true,"href":"https:\/\/www.jolivelo.com\/fr\/wp-json\/wp\/v2\/product_brand?post=8328"},{"taxonomy":"product_cat","embeddable":true,"href":"https:\/\/www.jolivelo.com\/fr\/wp-json\/wp\/v2\/product_cat?post=8328"},{"taxonomy":"product_tag","embeddable":true,"href":"https:\/\/www.jolivelo.com\/fr\/wp-json\/wp\/v2\/product_tag?post=8328"},{"taxonomy":"marke","embeddable":true,"href":"https:\/\/www.jolivelo.com\/fr\/wp-json\/wp\/v2\/marke?post=8328"},{"taxonomy":"groesse","embeddable":true,"href":"https:\/\/www.jolivelo.com\/fr\/wp-json\/wp\/v2\/groesse?post=8328"},{"taxonomy":"fahrrad-typ","embeddable":true,"href":"https:\/\/www.jolivelo.com\/fr\/wp-json\/wp\/v2\/fahrrad-typ?post=8328"}],"curies":[{"name":"wp","href":"https:\/\/api.w.org\/{rel}","templated":true}]}}

Vélo de course vintage Motobecane TR2 - vert olive - 54cm

<p>Retro Rennrad / Vintage Fahrrad Motobecane TR2 1977</p>
<p>Hauteur de cadre : 54cm (↕️ 162cm - 176cm)<br />
Vitesses : 10 (2 x 5)</p>
<p>Le vélo est en très bon état et entièrement d'origine. Il a la couleur typique des modèles Motobecane des années 70.<br />
Avec ses garde-boue en plastique d'origine, il est parfaitement adapté à une utilisation quotidienne.</p>
<p>Le cadre a quelques rayures, mais les autocollants sont intacts.<br />
Le vélo de course a été restauré et fonctionne parfaitement.</p>
<p>⚙️ Composants :</p>
<p>- Cadre : Vitus 172<br />
- Circuit : Huret<br />
- Freins : Weinmann<br />
- les jantes : Weinmann<br />
- Jeu de manivelles : Motobecane<br />
- Les moyeux de roue : Normandy<br />
- Guidon : AVA<br />
- Leviers de frein : Weinmann<br />
- Pneus : Michelin Dynamic Classic 700 x 25<br />
- Tige de selle : Motobecane<br />
- Selle : Sella Italia Anatomic</p>
<p>☝️Was a été fait sur ce vélo ?</p>
<p>✔️Komplett nettoyé et poli<br />
✔️Reifen nouveau<br />
✔️Luftschläuche nouveau<br />
✔️Neue Câbles de frein<br />
✔️Neue Enveloppes de circuits<br />
✔️Neue Câbles de commande<br />
✔️ Patins de frein neufs<br />
✔️ Tous les roulements ont été nettoyés et graissés à nouveau</p>
<p>✈️ Envoi possible dans le monde entier</p>
<p>⚡️Regelmäßig propose des vélos vintage neufs !</p>
<p>✌️Was est Joli Vélo ?<br />
Derrière la petite entreprise Joli Vélo se cache un Français qui est tombé amoureux des vélos vintage...</p>

<p>Hauteur de cadre : 54cm (↕️ 162cm - 176cm)<br />
Vitesses : 10 (2 x 5)</p>
<p>Le vélo est en très bon état et entièrement d'origine. Il a la couleur typique des modèles Motobecane des années 70.<br />
Avec ses garde-boue en plastique d'origine, il est parfaitement adapté à une utilisation quotidienne.</p>
<p>Le cadre a quelques rayures, mais les autocollants sont intacts.<br />
Le vélo de course a été restauré et fonctionne parfaitement.</p>
