{"id":8828,"date":"2026-04-22T16:26:38","date_gmt":"2026-04-22T16:26:38","guid":{"rendered":"https:\/\/www.jolivelo.com\/?post_type=product&#038;p=8828"},"modified":"2026-04-22T16:56:42","modified_gmt":"2026-04-22T16:56:42","slug":"sporty-damecykel-mbk-super-sprint-pink-50-cm","status":"publish","type":"product","link":"https:\/\/www.jolivelo.com\/da\/product\/sporty-damecykel-mbk-super-sprint-pink-50-cm\/","title":{"rendered":"Sporty damecykel MBK Super Sprint - pink - 50 cm"},"content":{"rendered":"<p>Retro Fahrrad \/ Mixte \/ Damenrad MBK Super Sprint<\/p>\n<p>Rammeh\u00f8jde: 50 cm (\u2195\ufe0f 152 cm \u2013 165 cm)<br \/>\nGear: 14 (2 x 7)<\/p>\n<p>Dieses Fahrrad wurde bei einem ehemaligen Motobecane-\/MBK-H\u00e4ndler in Zentralfrankreich gekauft.<br \/>\nSelvom cyklen var samlet, blev den aldrig solgt. Den er derfor oprindeligt ny. Tilstanden af de originale bremseklodser viser tydeligt, at den aldrig har v\u00e6ret brugt.<br \/>\n2-3 sm\u00e5 lakafslag bag p\u00e5 cyklen er sandsynligvis opst\u00e5et i l\u00f8bet af mere end 30 \u00e5rs opbevaring.<br \/>\nS\u00e5 cyklen er ny, og det er op til dig at blive dens allerf\u00f8rste ejer!<\/p>\n<p>Cyklen er blevet inspiceret og k\u00f8rer perfekt.<\/p>\n<p>\u2699\ufe0f Komponenter:<\/p>\n<p>- Ramme: CRMO HT 707<br \/>\n- Gearsystem: Suntour RT Lite<br \/>\n- Kranks\u00e6t: Sakae RT<br \/>\n- Hjulnav: Sachs-Maillard<br \/>\n\u2013 F\u00e6lge: Alesa lavet af aluminium<br \/>\n\u2013 Styr: ITM<br \/>\n- Sadel: MBK<br \/>\n\u2013 D\u00e6k: Michelin Dynamic Classic 700 x 25<\/p>\n<p>Dynamo-belysning funktionel<\/p>\n<p>\u261d\ufe0fWas Er denne cykel blevet modificeret?<\/p>\n<p>\u2714\ufe0f D\u00e6k nye<br \/>\n\u2714\ufe0f Nye luftslanger<br \/>\n\u2714\ufe0f Nye bremsesko<br \/>\n\u2714\ufe0f Skifteledninger nye<br \/>\n\u2714\ufe0f K\u00e6de ny<br \/>\n\u2714\ufe0f Pedale neu<br \/>\n\u2714\ufe0f Bremsekabler nye<br \/>\n\u2714\ufe0f Inspiceret<br \/>\n\u2714\ufe0f Helt rengjort<\/p>\n<p>\u26a1\ufe0fRegelm\u00e4\u00dfig nye vintage-cykler tilbydes!<\/p>","protected":false},"excerpt":{"rendered":"<p>Rammeh\u00f8jde: 50 cm (\u2195\ufe0f 152 cm \u2013 165 cm)<br \/>\nGear: 14 (2 x 7)<\/p>\n<p>Denne cykel er k\u00f8bt hos en tidligere Motobcane\/MBK-forhandler i det centrale Frankrig.<br \/>\nSelvom cyklen var samlet, blev den aldrig solgt. Den er derfor oprindeligt ny. Tilstanden af de originale bremseklodser viser tydeligt, at den aldrig har v\u00e6ret brugt.<br \/>\n2-3 sm\u00e5 lakafslag bag p\u00e5 cyklen er sandsynligvis opst\u00e5et i l\u00f8bet af mere end 30 \u00e5rs opbevaring.<br \/>\nS\u00e5 cyklen er ny, og det er op til dig at blive dens allerf\u00f8rste ejer!<\/p>\n<p>Cyklen er blevet inspiceret og k\u00f8rer perfekt.<\/p>","protected":false},"featured_media":8838,"comment_status":"open","ping_status":"closed","template":"","meta":{"_seopress_robots_primary_cat":"none","_seopress_titles_title":"","_seopress_titles_desc":"","_seopress_robots_index":"","_monsterinsights_skip_tracking":false,"_monsterinsights_sitenote_active":false,"_monsterinsights_sitenote_note":"","_monsterinsights_sitenote_category":0},"product_brand":[],"product_cat":[45,47,88],"product_tag":[],"marke":[17],"groesse":[31],"fahrrad-typ":[],"class_list":{"0":"post-8828","1":"product","2":"type-product","3":"status-publish","4":"has-post-thumbnail","6":"product_cat-vintage-rennraeder","7":"product_cat-mixte-damenrad","8":"product_cat-vintage-fahrraeder","9":"marke-motobecane-mbk","10":"groesse-53cm","12":"first","13":"instock","14":"shipping-taxable","15":"purchasable","16":"product-type-simple"},"_links":{"self":[{"href":"https:\/\/www.jolivelo.com\/da\/wp-json\/wp\/v2\/product\/8828","targetHints":{"allow":["GET"]}}],"collection":[{"href":"https:\/\/www.jolivelo.com\/da\/wp-json\/wp\/v2\/product"}],"about":[{"href":"https:\/\/www.jolivelo.com\/da\/wp-json\/wp\/v2\/types\/product"}],"replies":[{"embeddable":true,"href":"https:\/\/www.jolivelo.com\/da\/wp-json\/wp\/v2\/comments?post=8828"}],"wp:featuredmedia":[{"embeddable":true,"href":"https:\/\/www.jolivelo.com\/da\/wp-json\/wp\/v2\/media\/8838"}],"wp:attachment":[{"href":"https:\/\/www.jolivelo.com\/da\/wp-json\/wp\/v2\/media?parent=8828"}],"wp:term":[{"taxonomy":"product_brand","embeddable":true,"href":"https:\/\/www.jolivelo.com\/da\/wp-json\/wp\/v2\/product_brand?post=8828"},{"taxonomy":"product_cat","embeddable":true,"href":"https:\/\/www.jolivelo.com\/da\/wp-json\/wp\/v2\/product_cat?post=8828"},{"taxonomy":"product_tag","embeddable":true,"href":"https:\/\/www.jolivelo.com\/da\/wp-json\/wp\/v2\/product_tag?post=8828"},{"taxonomy":"marke","embeddable":true,"href":"https:\/\/www.jolivelo.com\/da\/wp-json\/wp\/v2\/marke?post=8828"},{"taxonomy":"groesse","embeddable":true,"href":"https:\/\/www.jolivelo.com\/da\/wp-json\/wp\/v2\/groesse?post=8828"},{"taxonomy":"fahrrad-typ","embeddable":true,"href":"https:\/\/www.jolivelo.com\/da\/wp-json\/wp\/v2\/fahrrad-typ?post=8828"}],"curies":[{"name":"wp","href":"https:\/\/api.w.org\/{rel}","templated":true}]}}

<p>Retro Fahrrad / Mixte / Damenrad MBK Super Sprint</p>
<p>Rammehøjde: 50 cm (↕️ 152 cm – 165 cm)<br />
Gear: 14 (2 x 7)</p>
<p>Dieses Fahrrad wurde bei einem ehemaligen Motobecane-/MBK-Händler in Zentralfrankreich gekauft.<br />
Selvom cyklen var samlet, blev den aldrig solgt. Den er derfor oprindeligt ny. Tilstanden af de originale bremseklodser viser tydeligt, at den aldrig har været brugt.<br />
2-3 små lakafslag bag på cyklen er sandsynligvis opstået i løbet af mere end 30 års opbevaring.<br />
Så cyklen er ny, og det er op til dig at blive dens allerførste ejer!</p>
<p>Cyklen er blevet inspiceret og kører perfekt.</p>
<p>⚙️ Komponenter:</p>
<p>- Ramme: CRMO HT 707<br />
- Gearsystem: Suntour RT Lite<br />
- Kranksæt: Sakae RT<br />
- Hjulnav: Sachs-Maillard<br />
– Fælge: Alesa lavet af aluminium<br />
– Styr: ITM<br />
- Sadel: MBK<br />
– Dæk: Michelin Dynamic Classic 700 x 25</p>
<p>Dynamo-belysning funktionel</p>
<p>☝️Was Er denne cykel blevet modificeret?</p>
<p>✔️ Dæk nye<br />
✔️ Nye luftslanger<br />
✔️ Nye bremsesko<br />
✔️ Skifteledninger nye<br />
✔️ Kæde ny<br />
✔️ Pedale neu<br />
✔️ Bremsekabler nye<br />
✔️ Inspiceret<br />
✔️ Helt rengjort</p>
<p>⚡️Regelmäßig nye vintage-cykler tilbydes!</p>

<p>Rammehøjde: 50 cm (↕️ 152 cm – 165 cm)<br />
Gear: 14 (2 x 7)</p>
<p>Denne cykel er købt hos en tidligere Motobcane/MBK-forhandler i det centrale Frankrig.<br />
Selvom cyklen var samlet, blev den aldrig solgt. Den er derfor oprindeligt ny. Tilstanden af de originale bremseklodser viser tydeligt, at den aldrig har været brugt.<br />
2-3 små lakafslag bag på cyklen er sandsynligvis opstået i løbet af mere end 30 års opbevaring.<br />
Så cyklen er ny, og det er op til dig at blive dens allerførste ejer!</p>
<p>Cyklen er blevet inspiceret og kører perfekt.</p>
