{"id":8353,"date":"2026-04-14T11:13:28","date_gmt":"2026-04-14T11:13:28","guid":{"rendered":"https:\/\/www.jolivelo.com\/?post_type=product&#038;p=8353"},"modified":"2026-04-14T17:58:01","modified_gmt":"2026-04-14T17:58:01","slug":"vintage-racercykel-peugeot-racing-replica-58cm","status":"publish","type":"product","link":"https:\/\/www.jolivelo.com\/da\/product\/vintage-racercykel-peugeot-racing-replica-58cm\/","title":{"rendered":"Vintage racercykel Peugeot Racing-Replica - 58 cm"},"content":{"rendered":"<p>Retro \/ Vintage Fahrrad \/ Oldtimer Peugeot Team-Replica 1988<\/p>\n<p>Rammeh\u00f8jde: 58 cm (\u2195\ufe0f 173 cm - 186 cm)<br \/>\nTandhjul: 12 (2\u00d76)<\/p>\n<p>Racercyklen er i perfekt og original stand.<br \/>\nRammen har enkelte ridser, men klisterm\u00e6rkerne er ubeskadigede.<br \/>\nRacercyklen er blevet restaureret og k\u00f8rer perfekt.<\/p>\n<p>En meget sj\u00e6lden cykel med farvegraduering i Frankrigs farver.<br \/>\nDet er et f\u00f8rsteejereksemplar, som er k\u00f8bt i Frankrig p\u00e5 gr\u00e6nsen til Belgien.<\/p>\n<p>\u2699\ufe0f Komponenter:<\/p>\n<p>- Ramme: HLE Mangalloy<br \/>\n\u2013 Gearskifte: Shimano SIS<br \/>\n- Bremser: Dia-Compe<br \/>\n- Hjulnav: Maillard forseglet mekanisme<br \/>\n\u2013 Styr: CTA<br \/>\n\u2013 St\u00e6ngel: CTA<br \/>\n- Pedaler: Maillard CXC<br \/>\n- F\u00e6lge: Rigida<br \/>\n- Kranks\u00e6t: Nervar<br \/>\n\u2013 D\u00e6k: Michelin Dynamic Sport 700 x 25<\/p>\n<p>\u261d\ufe0fWas Er denne cykel blevet modificeret?<\/p>\n<p>\u2714\ufe0f Helt rengjort og poleret<br \/>\n\u2714\ufe0f Nye bremsesko<br \/>\n\u2714\ufe0f Lenkarband neu<br \/>\n\u2714\ufe0f Sadel ny<br \/>\n\u2714\ufe0f Nye bremsekabler<br \/>\n\u2714\ufe0f Nye bremsed\u00e6ksler<br \/>\n\u2714\ufe0f Kassette neu<br \/>\n\u2714\ufe0f Neue Reifen<br \/>\n\u2714\ufe0f Nye kredsl\u00f8bsmuffer<br \/>\n\u2714\ufe0f Nye gearstangskabler<br \/>\n\u2714\ufe0f Nye bremsesko<br \/>\n\u2714\ufe0f Alle lejer er blevet renset og smurt igen<\/p>\n<p>\u2708\ufe0f Forsendelse mulig over hele verden<\/p>\n<p>\u26a1\ufe0fRegelm\u00e4\u00dfig nye vintage-cykler tilbydes!<\/p>\n<p>\u270c\ufe0fWas er Joli V\u00e9lo?<br \/>\nBag den lille virksomhed Joli V\u00e9lo st\u00e5r en franskmand, som har forelsket sig i vintage-cykler...<\/p>\n<p>Jeg har boet i Kiel i et par \u00e5r og tager ofte til Frankrig for at lede efter smukke cykler!<\/p>","protected":false},"excerpt":{"rendered":"<p>Rammeh\u00f8jde: 58 cm (\u2195\ufe0f 173 cm - 186 cm)<br \/>\nTandhjul: 12 (2\u00d76)<\/p>\n<p>Racercyklen er i perfekt og original stand.<br \/>\nRammen har enkelte ridser, men klisterm\u00e6rkerne er ubeskadigede.<br \/>\nRacercyklen er blevet restaureret og k\u00f8rer perfekt.<\/p>\n<p>En meget sj\u00e6lden cykel med farvegraduering i Frankrigs farver.<br \/>\nDet er et f\u00f8rsteejereksemplar, som er k\u00f8bt i Frankrig p\u00e5 gr\u00e6nsen til Belgien.<\/p>","protected":false},"featured_media":8745,"comment_status":"open","ping_status":"closed","template":"","meta":{"_seopress_robots_primary_cat":"none","_seopress_titles_title":"","_seopress_titles_desc":"","_seopress_robots_index":"","_monsterinsights_skip_tracking":false,"_monsterinsights_sitenote_active":false,"_monsterinsights_sitenote_note":"","_monsterinsights_sitenote_category":0},"product_brand":[],"product_cat":[45,88],"product_tag":[],"marke":[16],"groesse":[34],"fahrrad-typ":[],"class_list":{"0":"post-8353","1":"product","2":"type-product","3":"status-publish","4":"has-post-thumbnail","6":"product_cat-vintage-rennraeder","7":"product_cat-vintage-fahrraeder","8":"marke-peugeot","9":"groesse-57-58cm","11":"first","12":"instock","13":"shipping-taxable","14":"purchasable","15":"product-type-simple"},"_links":{"self":[{"href":"https:\/\/www.jolivelo.com\/da\/wp-json\/wp\/v2\/product\/8353","targetHints":{"allow":["GET"]}}],"collection":[{"href":"https:\/\/www.jolivelo.com\/da\/wp-json\/wp\/v2\/product"}],"about":[{"href":"https:\/\/www.jolivelo.com\/da\/wp-json\/wp\/v2\/types\/product"}],"replies":[{"embeddable":true,"href":"https:\/\/www.jolivelo.com\/da\/wp-json\/wp\/v2\/comments?post=8353"}],"wp:featuredmedia":[{"embeddable":true,"href":"https:\/\/www.jolivelo.com\/da\/wp-json\/wp\/v2\/media\/8745"}],"wp:attachment":[{"href":"https:\/\/www.jolivelo.com\/da\/wp-json\/wp\/v2\/media?parent=8353"}],"wp:term":[{"taxonomy":"product_brand","embeddable":true,"href":"https:\/\/www.jolivelo.com\/da\/wp-json\/wp\/v2\/product_brand?post=8353"},{"taxonomy":"product_cat","embeddable":true,"href":"https:\/\/www.jolivelo.com\/da\/wp-json\/wp\/v2\/product_cat?post=8353"},{"taxonomy":"product_tag","embeddable":true,"href":"https:\/\/www.jolivelo.com\/da\/wp-json\/wp\/v2\/product_tag?post=8353"},{"taxonomy":"marke","embeddable":true,"href":"https:\/\/www.jolivelo.com\/da\/wp-json\/wp\/v2\/marke?post=8353"},{"taxonomy":"groesse","embeddable":true,"href":"https:\/\/www.jolivelo.com\/da\/wp-json\/wp\/v2\/groesse?post=8353"},{"taxonomy":"fahrrad-typ","embeddable":true,"href":"https:\/\/www.jolivelo.com\/da\/wp-json\/wp\/v2\/fahrrad-typ?post=8353"}],"curies":[{"name":"wp","href":"https:\/\/api.w.org\/{rel}","templated":true}]}}

<p>Retro / Vintage Fahrrad / Oldtimer Peugeot Team-Replica 1988</p>
<p>Rammehøjde: 58 cm (↕️ 173 cm - 186 cm)<br />
Tandhjul: 12 (2×6)</p>
<p>Racercyklen er i perfekt og original stand.<br />
Rammen har enkelte ridser, men klistermærkerne er ubeskadigede.<br />
Racercyklen er blevet restaureret og kører perfekt.</p>
<p>En meget sjælden cykel med farvegraduering i Frankrigs farver.<br />
Det er et førsteejereksemplar, som er købt i Frankrig på grænsen til Belgien.</p>
<p>⚙️ Komponenter:</p>
<p>- Ramme: HLE Mangalloy<br />
– Gearskifte: Shimano SIS<br />
- Bremser: Dia-Compe<br />
- Hjulnav: Maillard forseglet mekanisme<br />
– Styr: CTA<br />
– Stængel: CTA<br />
- Pedaler: Maillard CXC<br />
- Fælge: Rigida<br />
- Kranksæt: Nervar<br />
– Dæk: Michelin Dynamic Sport 700 x 25</p>
<p>☝️Was Er denne cykel blevet modificeret?</p>
<p>✔️ Helt rengjort og poleret<br />
✔️ Nye bremsesko<br />
✔️ Lenkarband neu<br />
✔️ Sadel ny<br />
✔️ Nye bremsekabler<br />
✔️ Nye bremsedæksler<br />
✔️ Kassette neu<br />
✔️ Neue Reifen<br />
✔️ Nye kredsløbsmuffer<br />
✔️ Nye gearstangskabler<br />
✔️ Nye bremsesko<br />
✔️ Alle lejer er blevet renset og smurt igen</p>
<p>✈️ Forsendelse mulig over hele verden</p>
<p>⚡️Regelmäßig nye vintage-cykler tilbydes!</p>
<p>✌️Was er Joli Vélo?<br />
Bag den lille virksomhed Joli Vélo står en franskmand, som har forelsket sig i vintage-cykler...</p>
<p>Jeg har boet i Kiel i et par år og tager ofte til Frankrig for at lede efter smukke cykler!</p>

<p>Rammehøjde: 58 cm (↕️ 173 cm - 186 cm)<br />
Tandhjul: 12 (2×6)</p>
<p>Racercyklen er i perfekt og original stand.<br />
Rammen har enkelte ridser, men klistermærkerne er ubeskadigede.<br />
Racercyklen er blevet restaureret og kører perfekt.</p>
<p>En meget sjælden cykel med farvegraduering i Frankrigs farver.<br />
Det er et førsteejereksemplar, som er købt i Frankrig på grænsen til Belgien.</p>
